 47558574715 composite?
True
Is 6308794777 a composite number?
True
Is 925690429 a composite number?
True
Is 3844891829 prime?
False
Is 75890224481 composite?
True
Is 1144392969023 a composite number?
False
Is 1378278977 a composite number?
False
Is 1034402077 a prime number?
False
Is 37490015777 a prime number?
True
Is 13407497771 composite?
False
Is 379202563 a composite number?
True
Is 16216834253 composite?
True
Is 14063453171 a composite number?
False
Is 49880534323 prime?
True
Is 1211112659 prime?
True
Is 1145334191 prime?
True
Is 11827219 prime?
True
Is 274086199 a prime number?
False
Is 19028258693 composite?
True
Is 495614759 a prime number?
True
Is 5352677489 prime?
False
Is 2006570269 prime?
False
Is 6459821639 prime?
False
Is 224462023 prime?
False
Is 75188592679 a composite number?
False
Is 1723832813 prime?
True
Is 1565969741 a composite number?
True
Is 1419845443 a composite number?
True
Is 47500125521 prime?
True
Is 299431651 a composite number?
True
Is 4005830519 a prime number?
False
Is 2819072197 a prime number?
False
Is 23881127 prime?
True
Is 2566926721 prime?
True
Is 1769624819 composite?
True
Is 195062377 composite?
True
Is 111576470405 composite?
True
Is 332429549 prime?
True
Is 2658489409 a composite number?
False
Is 15664763797 a composite number?
False
Is 693019069 composite?
False
Is 245965649 a prime number?
True
Is 672413953 a prime number?
True
Is 37432231183 a composite number?
False
Is 277097734 composite?
True
Is 8802947 a composite number?
True
Is 1994312273 a prime number?
False
Is 1002083231 prime?
True
Is 32004544811 composite?
True
Is 13275457903 prime?
True
Is 30846079861 a composite number?
True
Is 116189238509 a prime number?
True
Is 3672927277 a composite number?
False
Is 83118115913 prime?
False
Is 17605187869 composite?
False
Is 348599639 a prime number?
False
Is 7996687651 composite?
False
Is 656152037 a prime number?
False
Is 1129185613 a prime number?
True
Is 382472561 composite?
True
Is 332650576837 a composite number?
False
Is 346515853 prime?
True
Is 266814655093 composite?
True
Is 31149303739 composite?
True
Is 1026939007 composite?
True
Is 57044473469 composite?
True
Is 316325237 a prime number?
True
Is 160811639 prime?
False
Is 6531788167 prime?
True
Is 3284646733 composite?
True
Is 105722613089 prime?
False
Is 646357541 a composite number?
False
Is 509869993 composite?
False
Is 10154566451 a composite number?
True
Is 3800835409 a prime number?
False
Is 616787616509 prime?
True
Is 1076619797 a prime number?
False
Is 9640956571 a prime number?
True
Is 9278120149 composite?
True
Is 809109227 prime?
False
Is 2363101703 a prime number?
True
Is 256247711 composite?
False
Is 35611789139 prime?
False
Is 2081253197 a composite number?
True
Is 165178591 a prime number?
True
Is 4112823527 a composite number?
False
Is 149321331407 a prime number?
True
Is 1701405061 prime?
False
Is 1551717799 composite?
False
Is 129444479 a prime number?
True
Is 10921297 prime?
False
Is 203667589 a composite number?
False
Is 85445776343 prime?
False
Is 1996033621 a composite number?
False
Is 17575684961 prime?
True
Is 4782260162 prime?
False
Is 1388706841 a composite number?
False
Is 11414569 composite?
False
Is 48671775563 prime?
False
Is 334688429 prime?
False
Is 545326963 composite?
False
Is 1313929713 prime?
False
Is 97427406203 a composite number?
True
Is 524317469 prime?
False
Is 4453902059 composite?
True
Is 1941823549 a composite number?
False
Is 1253507009 a composite number?
False
Is 28810054327 a composite number?
False
Is 7370570917 a composite number?
False
Is 271934431 prime?
False
Is 1115629583 a prime number?
False
Is 258698211 a composite number?
True
Is 24085654127 a composite number?
True
Is 1475176063 prime?
False
Is 142336091 composite?
True
Is 233467781 prime?
True
Is 18022656053 a composite number?
True
Is 22026973251 prime?
False
Is 563033909 a composite number?
False
Is 415483169 prime?
True
Is 44884797169 prime?
True
Is 1857393649 a composite number?
True
Is 1145035457 a prime number?
False
Is 1125609007 a prime number?
False
Is 2852711821 prime?
True
Is 111108785 composite?
True
Is 90462707 a prime number?
True
Is 5691367501 a composite number?
False
Is 1209317053 a composite number?
True
Is 35599139117 a composite number?
True
Is 2551982101 composite?
False
Is 63818117393 a prime number?
True
Is 3189087907 a prime number?
True
Is 17687842811 prime?
True
Is 42539501 a composite number?
False
Is 171280347361 prime?
True
Is 715218863 a composite number?
True
Is 148789607 a composite number?
True
Is 1964818667 a prime number?
False
Is 48421949467 a prime number?
False
Is 1960243529 a prime number?
False
Is 757236653 a prime number?
False
Is 36546010867 a prime number?
False
Is 1361453217 a prime number?
False
Is 109222267567 a composite number?
True
Is 408624067 a composite number?
False
Is 3149475671 a composite number?
True
Is 2213586521 a prime number?
True
Is 1106162479919 a composite number?
True
Is 1181884511 a composite number?
False
Is 1950817181 a prime number?
True
Is 14224813985 a prime number?
False
Is 4568849791 prime?
False
Is 29862426779 a composite number?
True
Is 9182028203 composite?
False
Is 22451024261 a composite number?
False
Is 34428797987 a composite number?
True
Is 38247237439 a prime number?
True
Is 751964219 a prime number?
True
Is 164134843 a composite number?
False
Is 74736480619 prime?
True
Is 3090974909 a composite number?
True
Is 3053623739 a prime number?
False
Is 30754162141 a composite number?
False
Is 8306536219 composite?
True
Is 6390039529 prime?
False
Is 28711162547 composite?
False
Is 355356889 a composite number?
True
Is 651751403 composite?
False
Is 419244016481 prime?
True
Is 3880081217 composite?
True
Is 67045393 a composite number?
True
Is 859361813 a composite number?
True
Is 189128585915 composite?
True
Is 13092824029 composite?
False
Is 45205618477 a composite number?
False
Is 61809393769 prime?
True
Is 2776250861 a prime number?
False
Is 200391929 composite?
False
Is 9275179831 prime?
False
Is 12993207509 a composite number?
False
Is 33133937 a prime number?
False
Is 343362011 prime?
True
Is 464223353 a composite number?
True
Is 24369993157 prime?
False
Is 8139681721 prime?
True
Is 2267796919 a composite number?
True
Is 49993721 a composite number?
False
Is 534385483 a composite number?
False
Is 1636441771 composite?
True
Is 159138691589 a composite number?
False
Is 5688105007 a composite number?
True
Is 519560314657 a prime number?
True
Is 40445115127 composite?
True
Is 41230091 a prime number?
False
Is 7230606443 prime?
False
Is 299915702 a composite number?
True
Is 196626457 a prime number?
True
Is 1389253169 a prime number?
True
Is 44410964671 a prime number?
True
Is 365720407 composite?
True
Is 4044680089 prime?
True
Is 14111744371 a composite number?
False
Is 51625867543 a composite number?
True
Is 4548545693 composite?
True
Is 542213951 composite?
False
Is 34117247069 a composite number?
False
Is 12253254151 a prime number?
False
Is 14917934267 composite?
False
Is 7285421659 prime?
True
Is 1624943107 composite?
False
Is 11434446805 prime?
False
Is 6526468709 prime?
True
Is 21590219 composite?
True
Is 76747339342 a prime number?
False
Is 43414206793 a prime number?
True
Is 303402661 a composite number?
False
Is 146337571 prime?
False
Is 4337521301 prime?
False
Is 89840767 a prime number?
False
Is 1910367983 a composite number?
False
Is 157463087 a prime number?
True
Is 34474931 a composite number?
False
Is 46157722301 composite?
False
Is 40604203645 prime?
False
Is 115315998751 prime?
True
Is 1937478413 prime?
False
Is 3466901959 a prime number?
True
Is 423873439 a prime number?
False
Is 1295229769 a prime number?
True
Is 1254230443 composite?
False
Is 330869699 a prime number?
False
Is 28136903 a prime number?
True
Is 6479290849 composite?
False
Is 11420474687 a prime number?
True
Is 949015417 prime?
False
Is 32795868419 prime?
True
Is 19850063653 prime?
False
Is 46521331 prime?
False
Is 13533429935 prime?
False
Is 1665693367 a composite number?
True
Is 27704435387 composite?
True
Is 6663231713 prime?
False
Is 183432035323 a composite number?
True
Is 848227871 prime?
True
Is 1488672007 a composite number?
False
Is 162473303 a composite